{"id":1193,"date":"2022-06-02T21:43:00","date_gmt":"2022-06-02T19:43:00","guid":{"rendered":"https:\/\/humanistika.si\/dogodki\/etika-uporabe-zivalskih-modelov-v-raziskavah-v-farmaciji-in-medicini\/"},"modified":"2023-03-20T09:46:43","modified_gmt":"2023-03-20T08:46:43","slug":"etika-uporabe-zivalskih-modelov-v-raziskavah-v-farmaciji-in-medicini","status":"publish","type":"dogodki","link":"https:\/\/humanistika.si\/en\/dogodki\/etika-uporabe-zivalskih-modelov-v-raziskavah-v-farmaciji-in-medicini\/","title":{"rendered":"The Ethics of Animal Research Models in Pharmacy and Medicine"},"content":{"rendered":"\n<style type=\"text\/css\">\n    #odstavek-block_62b4c3506b398 {\n        \/* Add styles that use ACF values here *\/\n    }\n<\/style>\n\n<div id=\"odstavek-block_62b4c3506b398\" class=\"block-odstavek\">\n    <p><p>The lecture was followed by a round table, where participants were able to take part in a discussion and ask experts questions.<\/p>\n<\/p>\n<\/div>\n\n\n<style type=\"text\/css\">\n    #odstavek-block_62babb82444cf {\n        \/* Add styles that use ACF values here *\/\n    }\n<\/style>\n\n<div id=\"odstavek-block_62babb82444cf\" class=\"block-odstavek\">\n    <p><div id=\"odstavek-block_62b98eaf81ec5\" class=\"block-odstavek\">\n<div id=\"odstavek-block_62b98eaf81ec5\" class=\"block-odstavek\">\n<div id=\"odstavek-block_62b98eaf81ec5\" class=\"block-odstavek\">\n<p>Coordinators: Borut Bo\u017ei\u010d, PhD, Matja\u017e Jeras, PhD, Faculty of Pharmacy, Tadej Malovrh, PhD, Jelka Zabavnik Piano, PhD, Veterinary Faculty<\/p>\n<\/div>\n<\/div>\n<\/div>\n<\/p>\n<\/div>","protected":false},"excerpt":{"rendered":"<p>What purposes are animal models used for in pharmaceutical and medical research and what the ethical and legal restrictions &#8230;<\/p>\n","protected":false},"featured_media":0,"parent":0,"menu_order":0,"template":"","meta":[],"tip":[109],"vrsta":[146,135],"tema":[126],"lokacija":[181],"leto":[332],"class_list":["post-1193","dogodki","type-dogodki","status-publish","hentry","tip-researchers-night"],"acf":[],"_links":{"self":[{"href":"https:\/\/humanistika.si\/en\/wp-json\/wp\/v2\/dogodki\/1193","targetHints":{"allow":["GET"]}}],"collection":[{"href":"https:\/\/humanistika.si\/en\/wp-json\/wp\/v2\/dogodki"}],"about":[{"href":"https:\/\/humanistika.si\/en\/wp-json\/wp\/v2\/types\/dogodki"}],"wp:attachment":[{"href":"https:\/\/humanistika.si\/en\/wp-json\/wp\/v2\/media?parent=1193"}],"wp:term":[{"taxonomy":"tip","embeddable":true,"href":"https:\/\/humanistika.si\/en\/wp-json\/wp\/v2\/tip?post=1193"},{"taxonomy":"vrsta","embeddable":true,"href":"https:\/\/humanistika.si\/en\/wp-json\/wp\/v2\/vrsta?post=1193"},{"taxonomy":"tema","embeddable":true,"href":"https:\/\/humanistika.si\/en\/wp-json\/wp\/v2\/tema?post=1193"},{"taxonomy":"lokacija","embeddable":true,"href":"https:\/\/humanistika.si\/en\/wp-json\/wp\/v2\/lokacija?post=1193"},{"taxonomy":"leto","embeddable":true,"href":"https:\/\/humanistika.si\/en\/wp-json\/wp\/v2\/leto?post=1193"}],"curies":[{"name":"wp","href":"https:\/\/api.w.org\/{rel}","templated":true}]}}

<style type="text/css">
    #odstavek-block_62b4c3506b398 {
        /* Add styles that use ACF values here */
    }
</style>

<div id="odstavek-block_62b4c3506b398" class="block-odstavek">
    <p><p>The lecture was followed by a round table, where participants were able to take part in a discussion and ask experts questions.</p>
</p>
</div>


<style type="text/css">
    #odstavek-block_62babb82444cf {
        /* Add styles that use ACF values here */
    }
</style>

<div id="odstavek-block_62babb82444cf" class="block-odstavek">
    <p><div id="odstavek-block_62b98eaf81ec5" class="block-odstavek">
<div id="odstavek-block_62b98eaf81ec5" class="block-odstavek">
<div id="odstavek-block_62b98eaf81ec5" class="block-odstavek">
<p>Coordinators: Borut Božič, PhD, Matjaž Jeras, PhD, Faculty of Pharmacy, Tadej Malovrh, PhD, Jelka Zabavnik Piano, PhD, Veterinary Faculty</p>
</div>
</div>
</div>
</p>
</div>
